{"version":"1.0","provider_name":"Pulso","provider_url":"https:\/\/iberoleonenvio.com\/website_f1c4f9f2","author_name":"Mois\u00e9s Rojas","author_url":"https:\/\/iberoleonenvio.com\/website_f1c4f9f2\/author\/mrojas\/","title":"Construir desde las ra\u00edces - Pulso","type":"rich","width":600,"height":338,"html":"<blockquote class=\"wp-embedded-content\" data-secret=\"ie3dz217uT\"><a href=\"https:\/\/iberoleonenvio.com\/website_f1c4f9f2\/construir-desde-las-raices\/\">Construir desde las ra\u00edces<\/a><\/blockquote><iframe sandbox=\"allow-scripts\" security=\"restricted\" src=\"https:\/\/iberoleonenvio.com\/website_f1c4f9f2\/construir-desde-las-raices\/embed\/#?secret=ie3dz217uT\" width=\"600\" height=\"338\" title=\"&#8220;Construir desde las ra\u00edces&#8221; &#8212; Pulso\" data-secret=\"ie3dz217uT\" frameborder=\"0\" marginwidth=\"0\" marginheight=\"0\" scrolling=\"no\" class=\"wp-embedded-content\"><\/iframe><script type=\"text\/javascript\">\n\/* <![CDATA[ *\/\n\/*! This file is auto-generated *\/\n!function(d,l){\"use strict\";l.querySelector&&d.addEventListener&&\"undefined\"!=typeof URL&&(d.wp=d.wp||{},d.wp.receiveEmbedMessage||(d.wp.receiveEmbedMessage=function(e){var t=e.data;if((t||t.secret||t.message||t.value)&&!\/[^a-zA-Z0-9]\/.test(t.secret)){for(var s,r,n,a=l.querySelectorAll('iframe[data-secret=\"'+t.secret+'\"]'),o=l.querySelectorAll('blockquote[data-secret=\"'+t.secret+'\"]'),c=new RegExp(\"^https?:$\",\"i\"),i=0;i<o.length;i++)o[i].style.display=\"none\";for(i=0;i<a.length;i++)s=a[i],e.source===s.contentWindow&&(s.removeAttribute(\"style\"),\"height\"===t.message?(1e3<(r=parseInt(t.value,10))?r=1e3:~~r<200&&(r=200),s.height=r):\"link\"===t.message&&(r=new URL(s.getAttribute(\"src\")),n=new URL(t.value),c.test(n.protocol))&&n.host===r.host&&l.activeElement===s&&(d.top.location.href=t.value))}},d.addEventListener(\"message\",d.wp.receiveEmbedMessage,!1),l.addEventListener(\"DOMContentLoaded\",function(){for(var e,t,s=l.querySelectorAll(\"iframe.wp-embedded-content\"),r=0;r<s.length;r++)(t=(e=s[r]).getAttribute(\"data-secret\"))||(t=Math.random().toString(36).substring(2,12),e.src+=\"#?secret=\"+t,e.setAttribute(\"data-secret\",t)),e.contentWindow.postMessage({message:\"ready\",secret:t},\"*\")},!1)))}(window,document);\n\/\/# sourceURL=https:\/\/iberoleonenvio.com\/website_f1c4f9f2\/wp-includes\/js\/wp-embed.min.js\n\/* ]]> *\/\n<\/script>\n","thumbnail_url":"https:\/\/i0.wp.com\/iberoleonenvio.com\/website_f1c4f9f2\/wp-content\/uploads\/2024\/02\/DSC8972-rector-portada-scaled.jpg?fit=2560%2C1706&ssl=1","thumbnail_width":2560,"thumbnail_height":1706,"description":"Recientemente vivimos en la Ibero un encuentro acad\u00e9mico, en el marco de las celebraciones del 45 aniversario de la universidad, me refiero a la Jornada \u201cConstruir desde las ra\u00edces\u201d. Este espacio nos invit\u00f3 a reflexionar sobre aquello que nos sostiene e inspira. Las ra\u00edces representan una imagen muy sugerente (imaginemos un gran \u00e1rbol), de aquello que no se ve, pero que sin ser percibido es lo que da soporte y fundamento a lo que somos. Las ra\u00edces nos remiten tambi\u00e9n a los or\u00edgenes, a la fuente de donde nos nutrimos, al principio que hace posible que podamos seguir construy\u00e9ndonos como comunidad, de tal manera que s\u00f3lo mirando y reconociendo la historia de donde provenimos podemos proyector lo que queremos ser."}

Moisés Rojas

Construir desde las raíces - Pulso

<blockquote class="wp-embedded-content" data-secret="ie3dz217uT"><a href="https://iberoleonenvio.com/website_f1c4f9f2/construir-desde-las-raices/">Construir desde las raíces</a></blockquote><iframe sandbox="allow-scripts" security="restricted" src="https://iberoleonenvio.com/website_f1c4f9f2/construir-desde-las-raices/embed/#?secret=ie3dz217uT" width="600" height="338" title="&#8220;Construir desde las raíces&#8221; &#8212; Pulso" data-secret="ie3dz217uT" frameborder="0" marginwidth="0" marginheight="0" scrolling="no" class="wp-embedded-content"></iframe><script type="text/javascript">
/* <![CDATA[ */
/*! This file is auto-generated */
!function(d,l){"use strict";l.querySelector&&d.addEventListener&&"undefined"!=typeof URL&&(d.wp=d.wp||{},d.wp.receiveEmbedMessage||(d.wp.receiveEmbedMessage=function(e){var t=e.data;if((t||t.secret||t.message||t.value)&&!/[^a-zA-Z0-9]/.test(t.secret)){for(var s,r,n,a=l.querySelectorAll('iframe[data-secret="'+t.secret+'"]'),o=l.querySelectorAll('blockquote[data-secret="'+t.secret+'"]'),c=new RegExp("^https?:$","i"),i=0;i<o.length;i++)o[i].style.display="none";for(i=0;i<a.length;i++)s=a[i],e.source===s.contentWindow&&(s.removeAttribute("style"),"height"===t.message?(1e3<(r=parseInt(t.value,10))?r=1e3:~~r<200&&(r=200),s.height=r):"link"===t.message&&(r=new URL(s.getAttribute("src")),n=new URL(t.value),c.test(n.protocol))&&n.host===r.host&&l.activeElement===s&&(d.top.location.href=t.value))}},d.addEventListener("message",d.wp.receiveEmbedMessage,!1),l.addEventListener("DOMContentLoaded",function(){for(var e,t,s=l.querySelectorAll("iframe.wp-embedded-content"),r=0;r<s.length;r++)(t=(e=s[r]).getAttribute("data-secret"))||(t=Math.random().toString(36).substring(2,12),e.src+="#?secret="+t,e.setAttribute("data-secret",t)),e.contentWindow.postMessage({message:"ready",secret:t},"*")},!1)))}(window,document);
//# sourceURL=https://iberoleonenvio.com/website_f1c4f9f2/wp-includes/js/wp-embed.min.js
/* ]]> */
</script>

Recientemente vivimos en la Ibero un encuentro académico, en el marco de las celebraciones del 45 aniversario de la universidad, me refiero a la Jornada “Construir desde las raíces”. Este espacio nos invitó a reflexionar sobre aquello que nos sostiene e inspira. Las raíces representan una imagen muy sugerente (imaginemos un gran árbol), de aquello que no se ve, pero que sin ser percibido es lo que da soporte y fundamento a lo que somos. Las raíces nos remiten también a los orígenes, a la fuente de donde nos nutrimos, al principio que hace posible que podamos seguir construyéndonos como comunidad, de tal manera que sólo mirando y reconociendo la historia de donde provenimos podemos proyector lo que queremos ser.
