{"version":"1.0","provider_name":"Pulso","provider_url":"https:\/\/iberoleonenvio.com\/website_f1c4f9f2","author_name":"Mois\u00e9s Rojas","author_url":"https:\/\/iberoleonenvio.com\/website_f1c4f9f2\/author\/mrojas\/","title":"El horizonte de la gratuidad - Pulso","type":"rich","width":600,"height":338,"html":"<blockquote class=\"wp-embedded-content\" data-secret=\"p3fgHSfqTZ\"><a href=\"https:\/\/iberoleonenvio.com\/website_f1c4f9f2\/el-horizonte-de-la-gratuidad\/\">El horizonte de la gratuidad<\/a><\/blockquote><iframe sandbox=\"allow-scripts\" security=\"restricted\" src=\"https:\/\/iberoleonenvio.com\/website_f1c4f9f2\/el-horizonte-de-la-gratuidad\/embed\/#?secret=p3fgHSfqTZ\" width=\"600\" height=\"338\" title=\"&#8220;El horizonte de la gratuidad&#8221; &#8212; Pulso\" data-secret=\"p3fgHSfqTZ\" frameborder=\"0\" marginwidth=\"0\" marginheight=\"0\" scrolling=\"no\" class=\"wp-embedded-content\"><\/iframe><script type=\"text\/javascript\">\n\/* <![CDATA[ *\/\n\/*! This file is auto-generated *\/\n!function(d,l){\"use strict\";l.querySelector&&d.addEventListener&&\"undefined\"!=typeof URL&&(d.wp=d.wp||{},d.wp.receiveEmbedMessage||(d.wp.receiveEmbedMessage=function(e){var t=e.data;if((t||t.secret||t.message||t.value)&&!\/[^a-zA-Z0-9]\/.test(t.secret)){for(var s,r,n,a=l.querySelectorAll('iframe[data-secret=\"'+t.secret+'\"]'),o=l.querySelectorAll('blockquote[data-secret=\"'+t.secret+'\"]'),c=new RegExp(\"^https?:$\",\"i\"),i=0;i<o.length;i++)o[i].style.display=\"none\";for(i=0;i<a.length;i++)s=a[i],e.source===s.contentWindow&&(s.removeAttribute(\"style\"),\"height\"===t.message?(1e3<(r=parseInt(t.value,10))?r=1e3:~~r<200&&(r=200),s.height=r):\"link\"===t.message&&(r=new URL(s.getAttribute(\"src\")),n=new URL(t.value),c.test(n.protocol))&&n.host===r.host&&l.activeElement===s&&(d.top.location.href=t.value))}},d.addEventListener(\"message\",d.wp.receiveEmbedMessage,!1),l.addEventListener(\"DOMContentLoaded\",function(){for(var e,t,s=l.querySelectorAll(\"iframe.wp-embedded-content\"),r=0;r<s.length;r++)(t=(e=s[r]).getAttribute(\"data-secret\"))||(t=Math.random().toString(36).substring(2,12),e.src+=\"#?secret=\"+t,e.setAttribute(\"data-secret\",t)),e.contentWindow.postMessage({message:\"ready\",secret:t},\"*\")},!1)))}(window,document);\n\/\/# sourceURL=https:\/\/iberoleonenvio.com\/website_f1c4f9f2\/wp-includes\/js\/wp-embed.min.js\n\/* ]]> *\/\n<\/script>\n","thumbnail_url":"https:\/\/i0.wp.com\/iberoleonenvio.com\/website_f1c4f9f2\/wp-content\/uploads\/2022\/05\/horizonte-gratitud.jpg?fit=1144%2C628&ssl=1","thumbnail_width":1144,"thumbnail_height":628,"description":"En esta ocasi\u00f3n me dirijo a ustedes, querida comunidad universitaria, compartiendo una reflexi\u00f3n de car\u00e1cter teol\u00f3gica. Aprovecho este espacio para saludar, felicitar y agradecer a las y los docentes de nuestra universidad, quienes ser\u00e1n homenajeados este lunes 23 de mayo. Sin duda alguna, ellos y ellas, desde su noble labor contribuyen a educar en el horizonte de la gratuidad. &nbsp; En nuestra propia historia hay una serie de representaciones que hemos aprendido sobre Dios: lo que es para nosotros y el sentido que le puede dar a un determinado grupo de seres humanos. No necesariamente el Dios manifestado en Jesucristo coincide con las im\u00e1genes que a lo largo de los a\u00f1os, y de nuestro crecimiento como personas, hemos introyectado. Sin embargo, por ahora no se trata propiamente de rastrear en las diferentes etapas de la vida la percepci\u00f3n que podemos tener sobre la divinidad (tarea que probablemente excede la intenci\u00f3n de este breve texto), sino de dejarnos interpelar por lo acontecido en ese hombre, el galileo; en \u00e9l reconocemos, desde la fe, al Hijo que nos ha dicho (Logos) qui\u00e9n es el Padre (Abb\u00e1), al mismo tiempo que nos ha mostrado lo que significa esa relaci\u00f3n de filiaci\u00f3n. Por tanto, la propuesta de este comunicado es invitar a gustar, con agradecimiento, al Dios de la gratuidad revelado en Jes\u00fas: \u201c\u2026 El que me ve a m\u00ed, ve al Padre\u2026\u201d (Jn 14, 9)."}

Moisés Rojas

En esta ocasión me dirijo a ustedes, querida comunidad universitaria, compartiendo una reflexión de carácter teológica. Aprovecho este espacio para saludar, felicitar y agradecer a las y los docentes de nuestra universidad, quienes serán homenajeados este lunes 23 de mayo. Sin duda alguna, ellos y ellas, desde su noble labor contribuyen a educar en el horizonte de la gratuidad. &nbsp; En nuestra propia historia hay una serie de representaciones que hemos aprendido sobre Dios: lo que es para nosotros y el sentido que le puede dar a un determinado grupo de seres humanos. No necesariamente el Dios manifestado en Jesucristo coincide con las imágenes que a lo largo de los años, y de nuestro crecimiento como personas, hemos introyectado. Sin embargo, por ahora no se trata propiamente de rastrear en las diferentes etapas de la vida la percepción que podemos tener sobre la divinidad (tarea que probablemente excede la intención de este breve texto), sino de dejarnos interpelar por lo acontecido en ese hombre, el galileo; en él reconocemos, desde la fe, al Hijo que nos ha dicho (Logos) quién es el Padre (Abbá), al mismo tiempo que nos ha mostrado lo que significa esa relación de filiación. Por tanto, la propuesta de este comunicado es invitar a gustar, con agradecimiento, al Dios de la gratuidad revelado en Jesús: “… El que me ve a mí, ve al Padre…” (Jn 14, 9).
