{"version":"1.0","provider_name":"Pulso","provider_url":"https:\/\/iberoleonenvio.com\/website_f1c4f9f2","author_name":"Mois\u00e9s Rojas","author_url":"https:\/\/iberoleonenvio.com\/website_f1c4f9f2\/author\/mrojas\/","title":"Feria de vinculaci\u00f3n - Pulso","type":"rich","width":600,"height":338,"html":"<blockquote class=\"wp-embedded-content\" data-secret=\"oXEpLYei55\"><a href=\"https:\/\/iberoleonenvio.com\/website_f1c4f9f2\/feria-de-vinculacion\/\">Feria de vinculaci\u00f3n<\/a><\/blockquote><iframe sandbox=\"allow-scripts\" security=\"restricted\" src=\"https:\/\/iberoleonenvio.com\/website_f1c4f9f2\/feria-de-vinculacion\/embed\/#?secret=oXEpLYei55\" width=\"600\" height=\"338\" title=\"&#8220;Feria de vinculaci\u00f3n&#8221; &#8212; Pulso\" data-secret=\"oXEpLYei55\" frameborder=\"0\" marginwidth=\"0\" marginheight=\"0\" scrolling=\"no\" class=\"wp-embedded-content\"><\/iframe><script type=\"text\/javascript\">\n\/* <![CDATA[ *\/\n\/*! This file is auto-generated *\/\n!function(d,l){\"use strict\";l.querySelector&&d.addEventListener&&\"undefined\"!=typeof URL&&(d.wp=d.wp||{},d.wp.receiveEmbedMessage||(d.wp.receiveEmbedMessage=function(e){var t=e.data;if((t||t.secret||t.message||t.value)&&!\/[^a-zA-Z0-9]\/.test(t.secret)){for(var s,r,n,a=l.querySelectorAll('iframe[data-secret=\"'+t.secret+'\"]'),o=l.querySelectorAll('blockquote[data-secret=\"'+t.secret+'\"]'),c=new RegExp(\"^https?:$\",\"i\"),i=0;i<o.length;i++)o[i].style.display=\"none\";for(i=0;i<a.length;i++)s=a[i],e.source===s.contentWindow&&(s.removeAttribute(\"style\"),\"height\"===t.message?(1e3<(r=parseInt(t.value,10))?r=1e3:~~r<200&&(r=200),s.height=r):\"link\"===t.message&&(r=new URL(s.getAttribute(\"src\")),n=new URL(t.value),c.test(n.protocol))&&n.host===r.host&&l.activeElement===s&&(d.top.location.href=t.value))}},d.addEventListener(\"message\",d.wp.receiveEmbedMessage,!1),l.addEventListener(\"DOMContentLoaded\",function(){for(var e,t,s=l.querySelectorAll(\"iframe.wp-embedded-content\"),r=0;r<s.length;r++)(t=(e=s[r]).getAttribute(\"data-secret\"))||(t=Math.random().toString(36).substring(2,12),e.src+=\"#?secret=\"+t,e.setAttribute(\"data-secret\",t)),e.contentWindow.postMessage({message:\"ready\",secret:t},\"*\")},!1)))}(window,document);\n\/\/# sourceURL=https:\/\/iberoleonenvio.com\/website_f1c4f9f2\/wp-includes\/js\/wp-embed.min.js\n\/* ]]> *\/\n<\/script>\n","thumbnail_url":"https:\/\/i0.wp.com\/iberoleonenvio.com\/website_f1c4f9f2\/wp-content\/uploads\/2024\/04\/ivonne-perez-3-1-scaled.jpg?fit=2560%2C1468&ssl=1","thumbnail_width":2560,"thumbnail_height":1468,"description":"Las actividades de vinculaci\u00f3n han sido inherentes al quehacer de la Ibero Le\u00f3n. Durante sus 45 a\u00f1os de presencia en el Baj\u00edo, nuestra universidad se ha vinculado con los sectores productivo, social y gubernamental a fin de tener referentes cercanos de los retos que la sociedad plantea y ofrecer planes y programas pertinentes.  En congruencia con su Modelo Educativo, la Universidad requiere traspasar el espacio \u00e1ulico para situar a nuestro estudiantado, personal acad\u00e9mico y de investigaci\u00f3n con las necesidades del entorno, con los Clamores de la realidad que impulsa el trabajo de la Compa\u00f1\u00eda de Jes\u00fas [1&#93;, con los cambios sociales y pol\u00edticos; y de igual forma insertarse en los temas de frontera, en la innovaci\u00f3n, con la tecnolog\u00eda de punta, entre muchos otros. Para ello, realiza una serie de acuerdos, convenios, eventos, actividades diversas que permiten lograr sus funciones sustantivas enmarcadas en el compromiso social."}

Moisés Rojas

Feria de vinculación - Pulso

<blockquote class="wp-embedded-content" data-secret="oXEpLYei55"><a href="https://iberoleonenvio.com/website_f1c4f9f2/feria-de-vinculacion/">Feria de vinculación</a></blockquote><iframe sandbox="allow-scripts" security="restricted" src="https://iberoleonenvio.com/website_f1c4f9f2/feria-de-vinculacion/embed/#?secret=oXEpLYei55" width="600" height="338" title="&#8220;Feria de vinculación&#8221; &#8212; Pulso" data-secret="oXEpLYei55" frameborder="0" marginwidth="0" marginheight="0" scrolling="no" class="wp-embedded-content"></iframe><script type="text/javascript">
/* <![CDATA[ */
/*! This file is auto-generated */
!function(d,l){"use strict";l.querySelector&&d.addEventListener&&"undefined"!=typeof URL&&(d.wp=d.wp||{},d.wp.receiveEmbedMessage||(d.wp.receiveEmbedMessage=function(e){var t=e.data;if((t||t.secret||t.message||t.value)&&!/[^a-zA-Z0-9]/.test(t.secret)){for(var s,r,n,a=l.querySelectorAll('iframe[data-secret="'+t.secret+'"]'),o=l.querySelectorAll('blockquote[data-secret="'+t.secret+'"]'),c=new RegExp("^https?:$","i"),i=0;i<o.length;i++)o[i].style.display="none";for(i=0;i<a.length;i++)s=a[i],e.source===s.contentWindow&&(s.removeAttribute("style"),"height"===t.message?(1e3<(r=parseInt(t.value,10))?r=1e3:~~r<200&&(r=200),s.height=r):"link"===t.message&&(r=new URL(s.getAttribute("src")),n=new URL(t.value),c.test(n.protocol))&&n.host===r.host&&l.activeElement===s&&(d.top.location.href=t.value))}},d.addEventListener("message",d.wp.receiveEmbedMessage,!1),l.addEventListener("DOMContentLoaded",function(){for(var e,t,s=l.querySelectorAll("iframe.wp-embedded-content"),r=0;r<s.length;r++)(t=(e=s[r]).getAttribute("data-secret"))||(t=Math.random().toString(36).substring(2,12),e.src+="#?secret="+t,e.setAttribute("data-secret",t)),e.contentWindow.postMessage({message:"ready",secret:t},"*")},!1)))}(window,document);
//# sourceURL=https://iberoleonenvio.com/website_f1c4f9f2/wp-includes/js/wp-embed.min.js
/* ]]> */
</script>

Las actividades de vinculación han sido inherentes al quehacer de la Ibero León. Durante sus 45 años de presencia en el Bajío, nuestra universidad se ha vinculado con los sectores productivo, social y gubernamental a fin de tener referentes cercanos de los retos que la sociedad plantea y ofrecer planes y programas pertinentes.  En congruencia con su Modelo Educativo, la Universidad requiere traspasar el espacio áulico para situar a nuestro estudiantado, personal académico y de investigación con las necesidades del entorno, con los Clamores de la realidad que impulsa el trabajo de la Compañía de Jesús [1&#93;, con los cambios sociales y políticos; y de igual forma insertarse en los temas de frontera, en la innovación, con la tecnología de punta, entre muchos otros. Para ello, realiza una serie de acuerdos, convenios, eventos, actividades diversas que permiten lograr sus funciones sustantivas enmarcadas en el compromiso social.
