{"version":"1.0","provider_name":"Pulso","provider_url":"https:\/\/iberoleonenvio.com\/website_f1c4f9f2","author_name":"Mois\u00e9s Rojas","author_url":"https:\/\/iberoleonenvio.com\/website_f1c4f9f2\/author\/mrojas\/","title":"Gesti\u00f3n Sostenible para la Ibero Le\u00f3n - Pulso","type":"rich","width":600,"height":338,"html":"<blockquote class=\"wp-embedded-content\" data-secret=\"kPs7ywHrg7\"><a href=\"https:\/\/iberoleonenvio.com\/website_f1c4f9f2\/gestion-sostenible-para-la-ibero-leon%ef%bf%bc\/\">Gesti\u00f3n Sostenible para la Ibero Le\u00f3n<\/a><\/blockquote><iframe sandbox=\"allow-scripts\" security=\"restricted\" src=\"https:\/\/iberoleonenvio.com\/website_f1c4f9f2\/gestion-sostenible-para-la-ibero-leon%ef%bf%bc\/embed\/#?secret=kPs7ywHrg7\" width=\"600\" height=\"338\" title=\"&#8220;Gesti\u00f3n Sostenible para la Ibero Le\u00f3n&#8221; &#8212; Pulso\" data-secret=\"kPs7ywHrg7\" frameborder=\"0\" marginwidth=\"0\" marginheight=\"0\" scrolling=\"no\" class=\"wp-embedded-content\"><\/iframe><script type=\"text\/javascript\">\n\/* <![CDATA[ *\/\n\/*! This file is auto-generated *\/\n!function(d,l){\"use strict\";l.querySelector&&d.addEventListener&&\"undefined\"!=typeof URL&&(d.wp=d.wp||{},d.wp.receiveEmbedMessage||(d.wp.receiveEmbedMessage=function(e){var t=e.data;if((t||t.secret||t.message||t.value)&&!\/[^a-zA-Z0-9]\/.test(t.secret)){for(var s,r,n,a=l.querySelectorAll('iframe[data-secret=\"'+t.secret+'\"]'),o=l.querySelectorAll('blockquote[data-secret=\"'+t.secret+'\"]'),c=new RegExp(\"^https?:$\",\"i\"),i=0;i<o.length;i++)o[i].style.display=\"none\";for(i=0;i<a.length;i++)s=a[i],e.source===s.contentWindow&&(s.removeAttribute(\"style\"),\"height\"===t.message?(1e3<(r=parseInt(t.value,10))?r=1e3:~~r<200&&(r=200),s.height=r):\"link\"===t.message&&(r=new URL(s.getAttribute(\"src\")),n=new URL(t.value),c.test(n.protocol))&&n.host===r.host&&l.activeElement===s&&(d.top.location.href=t.value))}},d.addEventListener(\"message\",d.wp.receiveEmbedMessage,!1),l.addEventListener(\"DOMContentLoaded\",function(){for(var e,t,s=l.querySelectorAll(\"iframe.wp-embedded-content\"),r=0;r<s.length;r++)(t=(e=s[r]).getAttribute(\"data-secret\"))||(t=Math.random().toString(36).substring(2,12),e.src+=\"#?secret=\"+t,e.setAttribute(\"data-secret\",t)),e.contentWindow.postMessage({message:\"ready\",secret:t},\"*\")},!1)))}(window,document);\n\/\/# sourceURL=https:\/\/iberoleonenvio.com\/website_f1c4f9f2\/wp-includes\/js\/wp-embed.min.js\n\/* ]]> *\/\n<\/script>\n","thumbnail_url":"https:\/\/i0.wp.com\/iberoleonenvio.com\/website_f1c4f9f2\/wp-content\/uploads\/2022\/12\/Luis-Fernando-padilla-scaled.jpg?fit=2560%2C1709&ssl=1","thumbnail_width":2560,"thumbnail_height":1709,"description":"De manera relativamente reciente en la literatura especializada, se ha utilizado el concepto de ADN organizacional para plantear que las organizaciones son seres vivientes y que incluso presentan caracter\u00edsticas que definen una personalidad, y que al igual que estos, poseen contenido gen\u00e9tico que las hacen \u00fanicas, en la pr\u00e1ctica dicho concepto nos permite entender que existen particularidades de las instituciones que son irrepetibles en otras y de manera natural permean en su comunidad. En el caso espec\u00edfico de la Ibero Le\u00f3n, la personalidad que la hace \u00fanica es muy clara, fundamentada en su filosof\u00eda educativa Jesuita, nos distinguimos como una instituci\u00f3n de excelencia acad\u00e9mica que se fija como misi\u00f3n contribuir a la construcci\u00f3n de una sociedad m\u00e1s justa, democr\u00e1tica y sostenible."}

Moisés Rojas

Gestión Sostenible para la Ibero León - Pulso

<blockquote class="wp-embedded-content" data-secret="kPs7ywHrg7"><a href="https://iberoleonenvio.com/website_f1c4f9f2/gestion-sostenible-para-la-ibero-leon%ef%bf%bc/">Gestión Sostenible para la Ibero León</a></blockquote><iframe sandbox="allow-scripts" security="restricted" src="https://iberoleonenvio.com/website_f1c4f9f2/gestion-sostenible-para-la-ibero-leon%ef%bf%bc/embed/#?secret=kPs7ywHrg7" width="600" height="338" title="&#8220;Gestión Sostenible para la Ibero León&#8221; &#8212; Pulso" data-secret="kPs7ywHrg7" frameborder="0" marginwidth="0" marginheight="0" scrolling="no" class="wp-embedded-content"></iframe><script type="text/javascript">
/* <![CDATA[ */
/*! This file is auto-generated */
!function(d,l){"use strict";l.querySelector&&d.addEventListener&&"undefined"!=typeof URL&&(d.wp=d.wp||{},d.wp.receiveEmbedMessage||(d.wp.receiveEmbedMessage=function(e){var t=e.data;if((t||t.secret||t.message||t.value)&&!/[^a-zA-Z0-9]/.test(t.secret)){for(var s,r,n,a=l.querySelectorAll('iframe[data-secret="'+t.secret+'"]'),o=l.querySelectorAll('blockquote[data-secret="'+t.secret+'"]'),c=new RegExp("^https?:$","i"),i=0;i<o.length;i++)o[i].style.display="none";for(i=0;i<a.length;i++)s=a[i],e.source===s.contentWindow&&(s.removeAttribute("style"),"height"===t.message?(1e3<(r=parseInt(t.value,10))?r=1e3:~~r<200&&(r=200),s.height=r):"link"===t.message&&(r=new URL(s.getAttribute("src")),n=new URL(t.value),c.test(n.protocol))&&n.host===r.host&&l.activeElement===s&&(d.top.location.href=t.value))}},d.addEventListener("message",d.wp.receiveEmbedMessage,!1),l.addEventListener("DOMContentLoaded",function(){for(var e,t,s=l.querySelectorAll("iframe.wp-embedded-content"),r=0;r<s.length;r++)(t=(e=s[r]).getAttribute("data-secret"))||(t=Math.random().toString(36).substring(2,12),e.src+="#?secret="+t,e.setAttribute("data-secret",t)),e.contentWindow.postMessage({message:"ready",secret:t},"*")},!1)))}(window,document);
//# sourceURL=https://iberoleonenvio.com/website_f1c4f9f2/wp-includes/js/wp-embed.min.js
/* ]]> */
</script>

De manera relativamente reciente en la literatura especializada, se ha utilizado el concepto de ADN organizacional para plantear que las organizaciones son seres vivientes y que incluso presentan características que definen una personalidad, y que al igual que estos, poseen contenido genético que las hacen únicas, en la práctica dicho concepto nos permite entender que existen particularidades de las instituciones que son irrepetibles en otras y de manera natural permean en su comunidad. En el caso específico de la Ibero León, la personalidad que la hace única es muy clara, fundamentada en su filosofía educativa Jesuita, nos distinguimos como una institución de excelencia académica que se fija como misión contribuir a la construcción de una sociedad más justa, democrática y sostenible.
