{"version":"1.0","provider_name":"Pulso","provider_url":"https:\/\/iberoleonenvio.com\/website_f1c4f9f2","author_name":"Mois\u00e9s Rojas","author_url":"https:\/\/iberoleonenvio.com\/website_f1c4f9f2\/author\/mrojas\/","title":"Reconciliaci\u00f3n con la creaci\u00f3n - Pulso","type":"rich","width":600,"height":338,"html":"<blockquote class=\"wp-embedded-content\" data-secret=\"FmoNbvpByy\"><a href=\"https:\/\/iberoleonenvio.com\/website_f1c4f9f2\/reconciliacion-con-la-creacion\/\">Reconciliaci\u00f3n con la creaci\u00f3n<\/a><\/blockquote><iframe sandbox=\"allow-scripts\" security=\"restricted\" src=\"https:\/\/iberoleonenvio.com\/website_f1c4f9f2\/reconciliacion-con-la-creacion\/embed\/#?secret=FmoNbvpByy\" width=\"600\" height=\"338\" title=\"&#8220;Reconciliaci\u00f3n con la creaci\u00f3n&#8221; &#8212; Pulso\" data-secret=\"FmoNbvpByy\" frameborder=\"0\" marginwidth=\"0\" marginheight=\"0\" scrolling=\"no\" class=\"wp-embedded-content\"><\/iframe><script type=\"text\/javascript\">\n\/* <![CDATA[ *\/\n\/*! This file is auto-generated *\/\n!function(d,l){\"use strict\";l.querySelector&&d.addEventListener&&\"undefined\"!=typeof URL&&(d.wp=d.wp||{},d.wp.receiveEmbedMessage||(d.wp.receiveEmbedMessage=function(e){var t=e.data;if((t||t.secret||t.message||t.value)&&!\/[^a-zA-Z0-9]\/.test(t.secret)){for(var s,r,n,a=l.querySelectorAll('iframe[data-secret=\"'+t.secret+'\"]'),o=l.querySelectorAll('blockquote[data-secret=\"'+t.secret+'\"]'),c=new RegExp(\"^https?:$\",\"i\"),i=0;i<o.length;i++)o[i].style.display=\"none\";for(i=0;i<a.length;i++)s=a[i],e.source===s.contentWindow&&(s.removeAttribute(\"style\"),\"height\"===t.message?(1e3<(r=parseInt(t.value,10))?r=1e3:~~r<200&&(r=200),s.height=r):\"link\"===t.message&&(r=new URL(s.getAttribute(\"src\")),n=new URL(t.value),c.test(n.protocol))&&n.host===r.host&&l.activeElement===s&&(d.top.location.href=t.value))}},d.addEventListener(\"message\",d.wp.receiveEmbedMessage,!1),l.addEventListener(\"DOMContentLoaded\",function(){for(var e,t,s=l.querySelectorAll(\"iframe.wp-embedded-content\"),r=0;r<s.length;r++)(t=(e=s[r]).getAttribute(\"data-secret\"))||(t=Math.random().toString(36).substring(2,12),e.src+=\"#?secret=\"+t,e.setAttribute(\"data-secret\",t)),e.contentWindow.postMessage({message:\"ready\",secret:t},\"*\")},!1)))}(window,document);\n\/\/# sourceURL=https:\/\/iberoleonenvio.com\/website_f1c4f9f2\/wp-includes\/js\/wp-embed.min.js\n\/* ]]> *\/\n<\/script>\n","thumbnail_url":"https:\/\/i0.wp.com\/iberoleonenvio.com\/website_f1c4f9f2\/wp-content\/uploads\/2022\/03\/276135612_155417223590509_2635896342702314969_n.jpg?fit=2048%2C1073&ssl=1","thumbnail_width":2048,"thumbnail_height":1073,"description":"Querida comunidad universitaria, comparto las siguientes reflexiones en el marco de la ya pr\u00f3xima celebraci\u00f3n del d\u00eda internacional del agua, 22 de marzo. Fecha que renueva nuestra conciencia sobre el creciente deterioro del medio ambiente como consecuencia de las diversas acciones humanas; al mismo tiempo que alienta y fortalece nuestra colaboraci\u00f3n para valorar y preservar la casa com\u00fan que todas y todos compartimos. La importancia de responder al desaf\u00edo ecol\u00f3gico no s\u00f3lo radica en la pregunta por el tipo de mundo que hemos construido y que actualmente vivimos, sino tambi\u00e9n en las condiciones de vida que heredaremos a las venideras generaciones, es decir, el futuro del planeta para la especie humana en relaci\u00f3n con toda forma de vida, desde los mares hasta los bosques, incluyendo los m\u00faltiples estilos de vida en el campo y la ciudad. En este sentido, la crisis ambiental ha de entenderse como una relaci\u00f3n que por complejas causas se ha roto.Vivimos en un mundo herido necesitado de reconciliaci\u00f3n."}

Moisés Rojas

Reconciliación con la creación - Pulso

<blockquote class="wp-embedded-content" data-secret="FmoNbvpByy"><a href="https://iberoleonenvio.com/website_f1c4f9f2/reconciliacion-con-la-creacion/">Reconciliación con la creación</a></blockquote><iframe sandbox="allow-scripts" security="restricted" src="https://iberoleonenvio.com/website_f1c4f9f2/reconciliacion-con-la-creacion/embed/#?secret=FmoNbvpByy" width="600" height="338" title="&#8220;Reconciliación con la creación&#8221; &#8212; Pulso" data-secret="FmoNbvpByy" frameborder="0" marginwidth="0" marginheight="0" scrolling="no" class="wp-embedded-content"></iframe><script type="text/javascript">
/* <![CDATA[ */
/*! This file is auto-generated */
!function(d,l){"use strict";l.querySelector&&d.addEventListener&&"undefined"!=typeof URL&&(d.wp=d.wp||{},d.wp.receiveEmbedMessage||(d.wp.receiveEmbedMessage=function(e){var t=e.data;if((t||t.secret||t.message||t.value)&&!/[^a-zA-Z0-9]/.test(t.secret)){for(var s,r,n,a=l.querySelectorAll('iframe[data-secret="'+t.secret+'"]'),o=l.querySelectorAll('blockquote[data-secret="'+t.secret+'"]'),c=new RegExp("^https?:$","i"),i=0;i<o.length;i++)o[i].style.display="none";for(i=0;i<a.length;i++)s=a[i],e.source===s.contentWindow&&(s.removeAttribute("style"),"height"===t.message?(1e3<(r=parseInt(t.value,10))?r=1e3:~~r<200&&(r=200),s.height=r):"link"===t.message&&(r=new URL(s.getAttribute("src")),n=new URL(t.value),c.test(n.protocol))&&n.host===r.host&&l.activeElement===s&&(d.top.location.href=t.value))}},d.addEventListener("message",d.wp.receiveEmbedMessage,!1),l.addEventListener("DOMContentLoaded",function(){for(var e,t,s=l.querySelectorAll("iframe.wp-embedded-content"),r=0;r<s.length;r++)(t=(e=s[r]).getAttribute("data-secret"))||(t=Math.random().toString(36).substring(2,12),e.src+="#?secret="+t,e.setAttribute("data-secret",t)),e.contentWindow.postMessage({message:"ready",secret:t},"*")},!1)))}(window,document);
//# sourceURL=https://iberoleonenvio.com/website_f1c4f9f2/wp-includes/js/wp-embed.min.js
/* ]]> */
</script>

Querida comunidad universitaria, comparto las siguientes reflexiones en el marco de la ya próxima celebración del día internacional del agua, 22 de marzo. Fecha que renueva nuestra conciencia sobre el creciente deterioro del medio ambiente como consecuencia de las diversas acciones humanas; al mismo tiempo que alienta y fortalece nuestra colaboración para valorar y preservar la casa común que todas y todos compartimos. La importancia de responder al desafío ecológico no sólo radica en la pregunta por el tipo de mundo que hemos construido y que actualmente vivimos, sino también en las condiciones de vida que heredaremos a las venideras generaciones, es decir, el futuro del planeta para la especie humana en relación con toda forma de vida, desde los mares hasta los bosques, incluyendo los múltiples estilos de vida en el campo y la ciudad. En este sentido, la crisis ambiental ha de entenderse como una relación que por complejas causas se ha roto.Vivimos en un mundo herido necesitado de reconciliación.
